{"id":3,"date":"2023-05-18T17:51:12","date_gmt":"2023-05-18T17:51:12","guid":{"rendered":"http:\/\/donplayeras.com\/?page_id=3"},"modified":"2023-08-28T17:55:10","modified_gmt":"2023-08-28T17:55:10","slug":"politica-privacidad","status":"publish","type":"page","link":"https:\/\/donplayeras.com\/index.php\/politica-privacidad\/","title":{"rendered":"Pol\u00edtica de privacidad"},"content":{"rendered":"<p>[et_pb_section fb_built=&#8221;1&#8243; _builder_version=&#8221;4.21.0&#8243; _module_preset=&#8221;default&#8221; background_color=&#8221;#01072f&#8221; global_colors_info=&#8221;{}&#8221;][et_pb_row _builder_version=&#8221;4.21.0&#8243; _module_preset=&#8221;default&#8221; global_colors_info=&#8221;{}&#8221;][et_pb_column type=&#8221;4_4&#8243; _builder_version=&#8221;4.21.0&#8243; _module_preset=&#8221;default&#8221; global_colors_info=&#8221;{}&#8221;][et_pb_text _builder_version=&#8221;4.21.0&#8243; _module_preset=&#8221;default&#8221; header_font=&#8221;Poppins|700|||||||&#8221; header_text_align=&#8221;center&#8221; header_font_size=&#8221;40px&#8221; header_font_size_tablet=&#8221;40px&#8221; header_font_size_phone=&#8221;30px&#8221; header_font_size_last_edited=&#8221;on|phone&#8221; global_colors_info=&#8221;{}&#8221;]<\/p>\n<h1 style=\"text-align: center;\">Pol\u00edtica de Privacidad<\/h1>\n<p>[\/et_pb_text][et_pb_text _builder_version=&#8221;4.22.1&#8243; _module_preset=&#8221;default&#8221; text_font=&#8221;Poppins||||||||&#8221; text_text_color=&#8221;#FFFFFF&#8221; header_font=&#8221;Poppins|700|||||||&#8221; header_font_size=&#8221;40px&#8221; text_orientation=&#8221;justified&#8221; hover_enabled=&#8221;0&#8243; text_font_size_tablet=&#8221;&#8221; text_font_size_phone=&#8221;12px&#8221; text_font_size_last_edited=&#8221;on|phone&#8221; header_font_size_tablet=&#8221;40px&#8221; header_font_size_phone=&#8221;30px&#8221; header_font_size_last_edited=&#8221;on|desktop&#8221; global_colors_info=&#8221;{}&#8221; sticky_enabled=&#8221;0&#8243;]<\/p>\n<p><strong>ESTIMADO CLIENTE,\u00a0<\/strong>en\u00a0<strong>WWW.DONPLAYERAS.COM\u00a0<\/strong>estamos conscientes de la importancia de proteger correctamente los datos personales de nuestros clientes, es por ello y en congruencia con lo establecido en la\u00a0<strong>Ley Federal de Protecci\u00f3n de Datos Personales en Posesi\u00f3n de los Particulares (LFPDPPP)\u00a0<\/strong>que\u00a0<strong>WWW.DONPLAYERAS.COM<\/strong> en su calidad de responsable, pone a su disposici\u00f3n el siguiente Aviso de Privacidad, a fin de que tenga pleno conocimiento sobre el tratamiento que se le dar\u00e1 a los datos personales que usted proporcione, as\u00ed como facilitarle el ejercicio de los derechos que la LFPDPPP le otorga.<\/p>\n<p>&nbsp;<\/p>\n<p><strong>1.- Tratamiento de los Datos Personales.<\/strong><\/p>\n<p>Los datos personales que recopilamos de nuestros clientes son: nombre, domicilio, correo electr\u00f3nico as\u00ed como sus datos bancarios.<\/p>\n<p>Cabe mencionar que los datos personales mencionados en el p\u00e1rrafo anterior resultan indispensables para que\u00a0<strong>WWW.DONPLAYERAS.COM\u00a0<\/strong>pueda realizar las transacciones o contratos celebrados con usted, por lo que en caso de que el cliente decida revocar el consentimiento o el ejercicio del derecho de cancelaci\u00f3n para el tratamiento de dichos datos dar\u00e1 lugar a la rescisi\u00f3n del contrato de cualquier \u00edndole que tenga celebrado con\u00a0<strong>WWW.DONPLAYERAS.COM\u00a0<\/strong>sin responsabilidad para este \u00faltimo.\u00a0<\/p>\n<p><strong>2.- Finalidades Del Tratamiento.<\/strong><\/p>\n<p>Sus datos personales son utilizados para las siguientes finalidades: I) identificaci\u00f3n y verificaci\u00f3n; II) contacto; III) procesar pagos para llevar a cabo la venta de productos mediante el sitio web; IV) facturaci\u00f3n de pagos; V) tr\u00e1mite de monederos electr\u00f3nicos y certificados de regalo de\u00a0<strong>WWW.DONPLAYERAS.COM;\u00a0<\/strong>VI) entregarle bienes y servicios; VII) en su caso, acreditar las devoluciones de mercanc\u00eda; y por \u00faltimo; VIII) Identificar su historial de compras.<\/p>\n<p>Asimismo, sus datos personales ser\u00e1n utilizados para las siguientes finalidades comerciales y de promoci\u00f3n; I) Para enviarle informaci\u00f3n relativa a nuestros productos o servicios; II) Para hacerle llegar ofertas y promociones de\u00a0<strong>WWW.DONPLAYERAS.COM;\u00a0<\/strong>y III) Promoci\u00f3n de sorteos, eventos y trivias organizadas por\u00a0<strong>WWW.DONPLAYERAS.COM<\/strong>; y IV) realizar encuestas sobre la calidad de nuestros servicios.<\/p>\n<p>&nbsp;<\/p>\n<p><strong>3.- Responsable Del Tratamiento de sus Datos Personales.<\/strong><\/p>\n<p><strong>WWW.DONPLAYERAS.COM, es responsable del tratamiento de sus datos personales.<\/strong><\/p>\n<p>C\u00f3mo contactarnos: atencion@donplayeras.com.<\/p>\n<p><strong>Oficina de privacidad:\u00a0<\/strong>No posee.<\/p>\n<p><strong>Domicilio:\u00a0<\/strong> Tienda Online registrada bajo el Dominio de \u00a0www.Donplayeras.com.<\/p>\n<p><strong>Correo electr\u00f3nico:\u00a0<\/strong>atencion@donplayeras.com<\/p>\n<p>\u00a0<strong>4.- Limitaci\u00f3n De Uso y Divulgaci\u00f3n De Informaci\u00f3n.<\/strong><\/p>\n<p>En caso de que usted no est\u00e9 de acuerdo con que sus datos personales sean tratados para las finalidades comerciales y de promoci\u00f3n antes descritas, usted podr\u00e1 contactarnos en cualquier momento para limitar dicho tratamiento, a trav\u00e9s de nuestro correo electr\u00f3nico\u00a0<a href=\"mailto:atencion@donplayeras.com.\">atencion@donplayeras.com.<\/a>\u00a0o directamente nuestra Tienda Online registrada bajo el Dominio de \u00a0www.Donplayeras.com.<\/p>\n<p>En nuestro sistema de notificaci\u00f3n de promociones, ofertas y servicios a trav\u00e9s de correo electr\u00f3nico, s\u00f3lo\u00a0<strong>WWW.DONPLAYERAS.COM\u00a0<\/strong>tiene acceso a la informaci\u00f3n recabada por lo tanto no usamos su informaci\u00f3n para fines distintos a los descritos en este Aviso de Privacidad.<\/p>\n<p>La publicidad mencionada en el p\u00e1rrafo anterior se realiza mediante avisos y mensajes promocionales de correo electr\u00f3nico los cuales s\u00f3lo ser\u00e1n enviados a usted y a aquellos contactos registrados para tal prop\u00f3sito, esta indicaci\u00f3n puede usted modificarla en cualquier momento por lo que le damos los medios necesarios para poder hacerlo, al correo electr\u00f3nico\u00a0<strong>atencion@donplayeras.com<\/strong>\u00a0o directamente en nuestra Tienda Online registrada bajo el Dominio de \u00a0<a href=\"http:\/\/www.Donplayeras.com\">www.Donplayeras.com<\/a><\/p>\n<p><strong>5.- Consentimiento para el tratamiento de sus Datos Personales.<\/strong><\/p>\n<p><strong>\u2610<\/strong>\u00a0Consiento y autorizo que mis datos personales sean tratados conforme a lo previsto en el presente aviso de privacidad.<\/p>\n<p><strong>6.- Negativa Del Consentimiento.<\/strong><\/p>\n<p>En caso de que no desee que sus datos personales sean tratados para los fines previamente establecidos, usted puede presentar desde este momento un escrito en nuestra Tienda Online registrada bajo el Dominio de \u00a0<a href=\"http:\/\/www.Donplayeras.com\">www.Donplayeras.com<\/a> o a nuestro correo de atenci\u00f3n al cliente\u00a0<strong>atencion@donplayeras.com<\/strong>\u00a0manifestando lo anterior.<\/p>\n<p>La negativa para el uso de sus datos personales no podr\u00e1 ser motivo para que le neguemos los servicios y productos que solicita o contrata con nosotros.<\/p>\n<p><strong>7.- Revocaci\u00f3n Del Consentimiento.<\/strong><\/p>\n<p>En todo momento, usted podr\u00e1 revocar el consentimiento que nos ha otorgado para el tratamiento de sus datos personales, a fin de que dejemos de hacer uso de los mismos. Para ello, es necesario que presente su petici\u00f3n por escrito en nuestra Tienda Online registrada bajo el Dominio de \u00a0<a href=\"http:\/\/www.Donplayeras.com\">www.Donplayeras.com<\/a>. o en cualquier momento a trav\u00e9s de nuestro correo electr\u00f3nico\u00a0<strong>atencion@donplayeras.com<\/strong>, solicitud que deber\u00e1 contener por lo menos: a) nombre y domicilio u otro medio para comunicarle la respuesta a su solicitud; b) los documentos que acrediten su identidad o, en su caso, la representaci\u00f3n legal; c) la descripci\u00f3n clara y precisa de los datos personales respecto de los que revoca su consentimiento para el \u00a0tratamiento, d) la manifestaci\u00f3n expresa para revocar su consentimiento al tratamiento de sus datos personales y por tanto, para que no se suspenda su uso; e) cualquier otro elemento que facilite la localizaci\u00f3n de los datos personales.<\/p>\n<p>\u00a0<strong>8.- Uso de cookies<\/strong><\/p>\n<p>Las cookies son archivos de texto que son descargados autom\u00e1ticamente y almacenados en el disco duro del equipo de c\u00f3mputo del usuario al navegar en una p\u00e1gina de Internet espec\u00edfica, que permiten recordar al servidor de Internet algunos datos sobre este usuario, entre ellos, sus preferencias para la visualizaci\u00f3n de las p\u00e1ginas en ese servidor, nombre y contrase\u00f1a.\u00a0<strong>WWW.DONPLAYERAS.COM usa cookies en el sitio para mejorar la calidad de nuestro sitio y los servicios que ofrecemos.<\/strong><\/p>\n<p>Le informamos que utilizamos cookies para obtener informaci\u00f3n personal de usted, como la siguiente:<\/p>\n<ul>\n<li>Su tipo de navegador y sistema operativo.<\/li>\n<li>Las p\u00e1ginas de Internet que visita.<\/li>\n<li>Los v\u00ednculos que sigue.<\/li>\n<li>La direcci\u00f3n IP.<\/li>\n<li>El sitio que visit\u00f3 antes de entrar al nuestro.<\/li>\n<\/ul>\n<p>Usted tambi\u00e9n puede desactivar las cookies. Modificando las preferencias de su navegador usted puede aceptar o rechazar todas las cookies.<\/p>\n<p><strong>9.- Seguridad<\/strong><\/p>\n<p>Protegemos la informaci\u00f3n mediante medidas de seguridad t\u00e9cnicas y administrativas para evitar la p\u00e9rdida, el uso indebido, acceso no autorizado, divulgaci\u00f3n o la alteraci\u00f3n de la informaci\u00f3n bajo nuestro control.<\/p>\n<p>Trabajamos para proteger la seguridad de su informaci\u00f3n durante la transmisi\u00f3n utilizando el Secure Socket Layer software (SSL), el cual codifica la informaci\u00f3n que usted introduce. Todas las p\u00e1ginas web seguras cuentan con un \u201ccertificado de sitio web\u201d emitido por una autoridad certificadora.<\/p>\n<p>Este Sitio web no requiere de nombre de usuario y contrase\u00f1a a menos que usted se suscriba a alg\u00fan servicio especial o establezca una cuenta para efectuar compras con nosotros. Le recomendamos no divulgar su contrase\u00f1a a nadie.\u00a0<strong>WWW.DONPLAYERAS.COM<\/strong>\u00a0nunca solicitar\u00e1 su contrase\u00f1a por medio de una llamada telef\u00f3nica o por correo electr\u00f3nico no solicitado.<\/p>\n<p>Desafortunadamente, ninguna transmisi\u00f3n de datos en l\u00ednea o cualquier red inal\u00e1mbrica puede ser 100% segura. Consecuentemente, en tanto que nos esforzamos en proteger su informaci\u00f3n personal, no podemos asegurar o garantizar la seguridad de la informaci\u00f3n que usted transmite, lo cual realiza bajo propio riesgo.<\/p>\n<p><strong>9<\/strong><strong>.- Ejercicio De Derechos ARCO.<\/strong><\/p>\n<p>Usted puede ejercer en cualquier momento ante\u00a0<strong>WWW.DONPLAYERAS.COM,\u00a0<\/strong>sus derechos de acceso, rectificaci\u00f3n, cancelaci\u00f3n y oposici\u00f3n al tratamiento de sus datos personales mediante solicitud por escrito que deber\u00e1 ser enviada directamente a nuestra Tienda Online registrada bajo el Dominio de \u00a0<a href=\"http:\/\/www.Donplayeras.com\">www.Donplayeras.com<\/a>. y\/o al correo electr\u00f3nico\u00a0<strong>atencion@donplayeras.com<\/strong>\u00a0misma que deber\u00e1 contener por lo menos: a) nombre y domicilio u otro medio para comunicarle la respuesta a su solicitud; b) los documentos que acrediten su identidad o, en su caso, la representaci\u00f3n legal; c) la descripci\u00f3n clara y precisa de los datos personales respecto de los que se solicita ejercer alguno de los derechos ARCO; d) la manifestaci\u00f3n expresa del derecho (acceso, rectificaci\u00f3n, cancelaci\u00f3n u oposici\u00f3n) que quiera ejercer sobre tratamiento de sus datos personales; e) cualquier otro elemento que facilite la localizaci\u00f3n de los datos personales.<\/p>\n<p><strong>10.- Transferencias.<\/strong><\/p>\n<p>Nos comprometemos a no transferir su informaci\u00f3n personal a terceros sin su consentimiento, salvo las excepciones previstas en el art\u00edculo 37 de la Ley el cual establece lo siguiente:<\/p>\n<p>Art\u00edculo 37.- Las transferencias nacionales o internacionales de datos podr\u00e1n llevarse a cabo sin el consentimiento del titular cuando se d\u00e9 alguno de los siguientes supuestos:<\/p>\n<ol>\n<li>Cuando la transferencia est\u00e9 prevista en una Ley o Tratado en los que M\u00e9xico sea parte;<\/li>\n<li>Cuando la transferencia sea necesaria para la prevenci\u00f3n o el diagn\u00f3stico m\u00e9dico, la prestaci\u00f3n de asistencia sanitaria, tratamiento m\u00e9dico o la gesti\u00f3n de servicios sanitarios;<\/li>\n<li>Cuando la transferencia sea efectuada a sociedades controladoras, subsidiarias o afiliadas bajo el control com\u00fan del responsable, o a una sociedad matriz o a cualquier sociedad del mismo grupo del responsable que opere bajo los mismos procesos y pol\u00edticas internas;<\/li>\n<li>IV. Cuando la transferencia sea necesaria por virtud de un contrato celebrado o por celebrar en inter\u00e9s del titular, por el responsable y un tercero;<\/li>\n<li>Cuando la transferencia sea necesaria o legalmente exigida para la salvaguarda de un inter\u00e9s p\u00fablico, o para la procuraci\u00f3n o administraci\u00f3n de justicia;<\/li>\n<li>Cuando la transferencia sea precisa para el reconocimiento, ejercicio o defensa de un derecho en un proceso judicial, y<\/li>\n<li>Cuando la transferencia sea precisa para el mantenimiento o cumplimiento de una relaci\u00f3n jur\u00eddica entre el responsable y el titular.<\/li>\n<\/ol>\n<p>&nbsp;<\/p>\n<p><strong>11.- Modificaciones al Aviso De Privacidad.<\/strong><\/p>\n<p><strong>WWW.DONPLAYERAS.COM\u00a0<\/strong>se reserva el derecho de efectuar en cualquier momento modificaciones o actualizaciones al presente Aviso de Privacidad, para la atenci\u00f3n de novedades legislativas, pol\u00edticas internas o nuevos requerimientos para la prestaci\u00f3n u ofrecimiento de nuestros servicios o productos. En caso de que exista alguna modificaci\u00f3n en este Aviso de Privacidad, se le comunicar\u00e1 a trav\u00e9s de nuestro portal de internet\u00a0<strong>www.donplayeras.com<\/strong><\/p>\n<p>\u00a0<strong>12.- Aceptaci\u00f3n De Los T\u00e9rminos.<\/strong><\/p>\n<p>Esta declaraci\u00f3n de Confidencialidad\/Privacidad constituye un acuerdo legal entre el usuario y\u00a0<strong>WWW.DONPLAYERAS.COM<\/strong>. Si el usuario utiliza los servicios de este sitio web, significa que ha le\u00eddo, entendido y consentido los t\u00e9rminos antes expuestos. Para resolver cualquier duda en este sentido, nos podr\u00e1 contactar al correo\u00a0<strong>atencion@donplayeras.com<\/strong>\u00a0<\/p>\n<p><strong>13.- Autoridad.<\/strong><\/p>\n<p>Si el usuario considera que han sido vulnerados sus derechos respecto de la protecci\u00f3n de datos personales tiene el derecho de acudir a la autoridad correspondiente para defender su ejercicio. La autoridad es el Instituto Federal de Acceso a la Informaci\u00f3n y Protecci\u00f3n de Datos (IFAI). Su sitio es:\u00a0<a href=\"http:\/\/www.ifai.org.mx\/\"><strong>www.ifai.org.mx<\/strong><\/a><\/p>\n<p>&nbsp;<\/p>\n<p><strong>Fecha \u00faltima de actualizaci\u00f3n Julio 2023.<\/strong><\/p>\n<p>[\/et_pb_text][\/et_pb_column][\/et_pb_row][\/et_pb_section]<\/p>\n","protected":false},"excerpt":{"rendered":"<p>Pol\u00edtica de PrivacidadESTIMADO CLIENTE,\u00a0en\u00a0WWW.DONPLAYERAS.COM\u00a0estamos conscientes de la importancia de proteger correctamente los datos personales de nuestros clientes, es por ello y en congruencia con lo establecido en la\u00a0Ley Federal de Protecci\u00f3n de Datos Personales en Posesi\u00f3n de los Particulares (LFPDPPP)\u00a0que\u00a0WWW.DONPLAYERAS.COM en su calidad de responsable, pone a su disposici\u00f3n el siguiente Aviso de Privacidad, a [&hellip;]<\/p>\n","protected":false},"author":5,"featured_media":0,"parent":0,"menu_order":0,"comment_status":"closed","ping_status":"open","template":"","meta":{"_et_pb_use_builder":"on","_et_pb_old_content":"<!-- wp:heading -->\n<h2 class=\"wp-block-heading\"><\/h2>\n<!-- \/wp:heading -->","_et_gb_content_width":"1080","inline_featured_image":false,"footnotes":""},"acf":[],"jetpack_sharing_enabled":true,"_links":{"self":[{"href":"https:\/\/donplayeras.com\/index.php\/wp-json\/wp\/v2\/pages\/3"}],"collection":[{"href":"https:\/\/donplayeras.com\/index.php\/wp-json\/wp\/v2\/pages"}],"about":[{"href":"https:\/\/donplayeras.com\/index.php\/wp-json\/wp\/v2\/types\/page"}],"author":[{"embeddable":true,"href":"https:\/\/donplayeras.com\/index.php\/wp-json\/wp\/v2\/users\/5"}],"replies":[{"embeddable":true,"href":"https:\/\/donplayeras.com\/index.php\/wp-json\/wp\/v2\/comments?post=3"}],"version-history":[{"count":10,"href":"https:\/\/donplayeras.com\/index.php\/wp-json\/wp\/v2\/pages\/3\/revisions"}],"predecessor-version":[{"id":30008,"href":"https:\/\/donplayeras.com\/index.php\/wp-json\/wp\/v2\/pages\/3\/revisions\/30008"}],"wp:attachment":[{"href":"https:\/\/donplayeras.com\/index.php\/wp-json\/wp\/v2\/media?parent=3"}],"curies":[{"name":"wp","href":"https:\/\/api.w.org\/{rel}","templated":true}]}}